08.
94
What is the remainder when 201683 is divided by 84?
83
Calculate the remainder when 393127 is divided by 209.
207
Calculate the remainder when 32678 is divided by 6527.
43
What is the remainder when 17125 is divided by 20?
5
What is the remainder when 2330 is divided by 714?
188
Calculate the remainder when 1421 is divided by 389.
254
Calculate the remainder when 240297 is divided by 226.
59
What is the remainder when 9226 is divided by 44?
30
What is the remainder when 80932 is divided by 138?
64
Calculate the remainder when 69441 is divided by 34715.
11
Calculate the remainder when 1979 is divided by 327.
17
What is the remainder when 1116987 is divided by 105?
102
What is the remainder when 11210 is divided by 527?
143
What is the remainder when 349246 is divided by 8?
6
What is the remainder when 626 is divided by 162?
140
Calculate the remainder when 38798 is divided by 19393.
12
What is the remainder when 160129 is divided by 1570?
1559
Calculate the remainder when 2478 is divided by 4.
2
What is the remainder when 112088 is divided by 47?
40
What is the remainder when 281053 is divided by 1925?
3
What is the remainder when 145578 is divided by 197?
192
What is the remainder when 54301 is divided by 3872?
93
What is the remainder when 2520 is divided by 175?
70
Calculate the remainder when 695 is divided by 332.
31
Calculate the remainder when 628 is divided by 346.
282
Calculate the remainder when 332128 is divided by 33212.
8
Calculate the remainder when 83 is divided by 75.
8
What is the remainder when 5954 is divided by 99?
14
Calculate the remainder when 23636 is divided by 50.
36
Calculate the remainder when 238002 is divided by 14875.
2
What is the remainder when 3249 is divided by 1001?
246
What is the remainder when 1838 is divided by 219?
86
Calculate the remainder when 810096 is divided by 37.
18
What is the remainder when 547793 is divided by 273896?
1
Calculate the remainder when 5686 is divided by 2826.
34
Calculate the remainder when 13425 is divided by 373.
370
Calculate the remainder when 10456 is divided by 1683.
358
What is the remainder when 15177 is divided by 262?
243
Calculate the remainder when 3574 is divided by 1092.
298
Calculate the remainder when 753 is divided by 137.
68
Calculate the remainder when 12102 is divided by 5551.
1000
Calculate the remainder when 1490881 is divided by 41.
39
What is the remainder when 863 is divided by 195?
83
Calculate the remainder when 1540 is divided by 1474.
66
What is the remainder when 4642 is divided by 926?
12
What is the remainder when 3590 is divided by 233?
95
What is the remainder when 15103 is divided by 888?
7
What is the remainder when 330 is divided by 59?
35
Calculate the remainder when 621587 is divided by 122.
119
What is the remainder when 42499 is divided by 48?
19
What is the remainder when 253135 is divided by 43?
37
What is the remainder when 27333 is divided by 268?
265
Calculate the remainder when 3147 is divided by 1002.
141
Calculate the remainder when 20381 is divided by 973.
921
Calculate the remainder when 393800 is divided by 9.
5
What is the remainder when 18209 is divided by 1138?
1
What is the remainder when 83962 is divided by 20987?
14
What is the remainder when 27314 is divided by 26990?
324
What is the remainder when 53184 is divided by 186?
174
Calculate the remainder when 48704 is divided by 102.
50
What is the remainder when 6055 is divided by 422?
147
What is the remainder when 8554 is divided by 1710?
4
Calculate the remainder when 272383 is divided by 19.
18
Calculate the remainder when 287033 is divided by 95674.
11
What is the remainder when 150578 is divided by 143?
142
Calculate the remainder when 27963 is divided by 3089.
162
What is the remainder when 4223 is divided by 4203?
20
What is the remainder when 46076 is divided by 62?
10
What is the remainder when 269886 is divided by 10?
6
What is the remainder when 3217 is divided by 796?
33
Calculate the remainder when 2558168 is divided by 69.
62
Calculate the remainder when 1347 is divided by 80.
67
Calculate the remainder when 287222 is divided by 46.
44
What is the remainder when 21157 is divided by 1880?
477
What is the remainder when 50963 is divided by 25444?
75
What is the remainder when 9268 is divided by 9193?
75
What is the remainder when 233 is divided by 30?
23
Calculate the remainder when 129871 is divided by 25.
21
Calculate the remainder when 5544 is divided by 150.
144
What is the remainder when 14927 is divided by 4962?
41
What is the remainder when 2142 is divided by 268?
266
Calculate the remainder when 12464 is divided by 190.
114
Calculate the remainder when 79869 is divided by 109.
81
What is the remainder when 135443 is divided by 453?
449
What is the remainder when 2666394 is divided by 888796?
6
Calculate the remainder when 603 is divided by 590.
13
What is the remainder when 7881 is divided by 6?
3
Calculate the remainder when 728278 is divided by 1271.
1266
What is the remainder when 23304 is divided by 3879?
30
Calculate the remainder when 11680 is divided by 535.
445
What is the remainder when 71728 is divided by 3775?
3
What is the remainder when 2019 is divided by 70?
59
What is the remainder when 164261 is divided by 679?
622
Calculate the remainder when 334 is divided by 118.
98
Calculate the remainder when 1144 is divided by 24.
16
Calculate the remainder when 3636 is divided by 344.
196
What is the remainder when 34476 is divided by 379?
366
Calculate the remainder when 10959 is divided by 42.
39
What is the remainder when 51351 is divided by 392?
391
What is the remainder when 12288 is divided by 246?
234
Calculate the remainder when 37130 is divided by 4616.
202
What is the remainder when 2057 is divided by 496?
73
What is the remainder when 23173 is divided by 173?
164
Calculate the remainder when 350150 is divided by 19.
18
Calculate the remainder when 88505 is divided by 181.
177
Calculate the remainder when 85 is divided by 85.
0
What is the remainder when 4109 is divided by 688?
669
What is the remainder when 96839 is divided by 40?
39
Calculate the remainder when 13716 is divided by 140.
136
What is the remainder when 570 is divided by 65?
50
What is the remainder when 1320 is divided by 67?
47
Calculate the remainder when 242873 is divided by 1292.
1269
What is the remainder when 134639 is divided by 48?
47
Calculate the remainder when 3320 is divided by 239.
213
Calculate the remainder when 325457 is divided by 18.
17
Calculate the remainder when 62231 is divided by 12.
11
Calculate the remainder when 2299 is divided by 136.
123
Calculate the remainder when 18228 is divided by 1813.
98
Calculate the remainder when 168755 is divided by 147.
146
What is the remainder when 3709358 is divided by 932?
930
What is the remainder when 46351 is divided by 112?
95
What is the remainder when 691 is divided by 663?
28
What is the remainder when 354 is divided by 332?
22
Calculate the remainder when 8048 is divided by 2633.
149
Calculate the remainder when 56995 is divided by 2035.
15
Calculate the remainder when 8677 is divided by 602.
249
What is the remainder when 454235 is divided by 151407?
14
What is the remainder when 4431 is divided by 342?
327
Calculate the remainder when 3534 is divided by 2021.
1513
What is the remainder when 159975 is divided by 47?
34
Calculate the remainder when 2554 is divided by 104.
58
Calculate the remainder when 9095 is divided by 113.
55
What is the remainder when 6435 is divided by 56?
51
What is the remainder when 9479 is divided by 4663?
153
What is the remainder when 2593 is divided by 175?
143
What is the remainder when 10266 is divided by 17?
15
What is the remainder when 853640 is divided by 18?
8
What is the remainder when 35998 is divided by 17911?
176
Calculate the remainder when 86 is divided by 18.
14
Calculate the remainder when 221302 is divided by 16.
6
What is the remainder when 79446 is divided by 5?
1
What is the remainder when 2322 is divided by 130?
112
What is the remainder when 22793 is divided by 4545?
68
Calculate the remainder when 1678867 is divided by 1189.
1188
What is the remainder when 13560 is divided by 39?
27
What is the remainder when 433844 is divided by 45?
44
Calcu